x. Suppose -q + 0*q + 40 = 5*h, 4*q = -3*h + 7. What are the prime factors of w(h)?
2, 5
Let k = -336 - -241. Let v = 233 + k. What are the prime factors of v?
2, 3, 23
Let d = -10203 - -27587. List the prime factors of d.
2, 41, 53
Let j = -4304 - -8994. List the prime factors of j.
2, 5, 7, 67
Suppose -15 = 2*y - 27. What are the prime factors of (15/y - 2)/(9/5652)?
2, 157
Suppose -h = 9 - 11. Suppose -h*i = 4*n - 2, 0 = 7*n - 2*n + 3*i - 1. Suppose -8*k + 4*k + 762 = -n*u, 0 = 2*k + 4*u - 376. What are the prime factors of k?
2, 5, 19
Suppose -7*c + 176 = 2731. Let t = -324 - c. List the prime factors of t.
41
Suppose -6*d = -36*d + 377494 + 992936. What are the prime factors of d?
3, 15227
Let v(s) be the second derivative of -97*s**5/4 + s**4/6 + s**3 + 2*s**2 - 5*s - 1. List the prime factors of v(-1).
5, 97
Suppose -5*f = -2*j + 10333, 25*j - 5162 = 24*j - 2*f. What are the prime factors of j?
2, 1291
Suppose -5*m + 20*f + 138576 = 24*f, -2*m + 4*f = -55436. List the prime factors of m.
2, 13, 41
Let k(h) = -3*h**3 + 3*h**2 + 6*h + 12. Let b(j) = -10*j - 24. Let q be b(-2). What are the prime factors of k(q)?
2, 3, 19
Let w(f) = -6 + 2*f + 15 + 5 + 16*f. List the prime factors of w(7).
2, 5, 7
Suppose 0 = 12*j + 28*j - 16221 - 197739. What are the prime factors of j?
3, 1783
Suppose -206*i + 52 = -193*i. Let s(z) = 47*z**2 + 3*z. Let v be s(-2). Suppose 0*y + y = -i*n + 91, 2*n - v = -2*y. List the prime factors of y.
7, 13
Let i(h) = 3*h**2 + 5*h**3 - 34*h + 7 + 85*h - 28*h - 6*h**3. What are the prime factors of i(6)?
37
Suppose -51*o + 3264916 = 939673. What are the prime factors of o?
127, 359
Suppose -4*b - 6 = -14. Suppose -5*p - 1 = 2*g - 29, b*g + p = 20. Suppose -8*n + g*n - 11 = 0. List the prime factors of n.
11
Suppose 0 = -59*w + 58*w + 4. Suppose -5*p + 2743 = w*q, -4*q - q - 4*p = -3440. List the prime factors of q.
2, 173
Suppose 317907 = 29*u - 280508. List the prime factors of u.
5, 4127
Let y(o) = 12*o**2 + 3*o - 5. Let p be y(6). Let m = p + -229. Let f = 401 - m. List the prime factors of f.
5, 37
Let s = 165 + -161. Suppose s*o - 891 = -7*o. What are the prime factors of o?
3
Let u(r) = -14*r + 62. Let n be u(-2). Let p = 953 - n. List the prime factors of p.
863
Let z be (1 + 2/(-6))/(5/15). Suppose 0 = -3*a - 3*q + 307 - 40, -z*a - q + 181 = 0. Suppose -6*y + a = -4*y. List the prime factors of y.
2, 23
Suppose 4*f - 140 = v, -2*v - f + 0*f - 271 = 0. List the prime factors of 25*v/16*(-4)/5.
2, 5, 17
Suppose 151*t = 185*t - 1495728. What are the prime factors of t?
2, 3, 13, 47
Let l(z) = -z + 25. Let s be l(21). Let r(n) = 2*n**3 + 9*n**2 - 5*n + 8. List the prime factors of r(s).
2, 5, 13
Suppose 2*d - 4*l - 21031 - 6821 = 0, -l - 69576 = -5*d. What are the prime factors of d?
2, 3, 773
Let i(n) = -24*n - 79. Let j be i(-5). Suppose -43*c = -j*c - 1270. List the prime factors of c.
5, 127
Let a(n) = 2*n**3 - 34*n**2 + 162*n + 53. What are the prime factors of a(24)?
5, 7
Let y be 2/(-5) - (-150269)/70*2. Suppose -4*t + y = -5*o, 36*o - 2145 = -2*t + 39*o. List the prime factors of t.
3, 359
Suppose 2*n - 4930 = -5*u, -2*n - 4946 = -4*n - u. Suppose 0 = 5*i, 5*p + 0*p - n = -i. What are the prime factors of p?
3, 5, 11
Suppose 3*q = s - 929, 2*q - 3716 = 96*s - 100*s. List the prime factors of s.
929
Suppose 0 = 3*d - 15, -5*r + 4344 + 5816 = -5*d. Let y = -1596 + 1604. Suppose 0 = y*p + 165 - r. What are the prime factors of p?
2, 3, 13
Let x(p) be the second derivative of 22*p**3/3 - 59*p**2 + 3*p - 1. What are the prime factors of x(20)?
2, 3, 127
Suppose -2*i = -0*i - 6*i. Suppose i*t + 5*t = 4*n - 1, -4*n + 2*t = -10. Suppose -4*s - 3*j - 16 = -64, -4*s = n*j - 48. What are the prime factors of s?
2, 3
Let p be 4/(-4) + -4 - -327. Suppose -5*c + 2047 = p. What are the prime factors of c?
3, 5, 23
Let g(t) = t - t**2 + 0*t + 9*t. Let z be g(6). Suppose -19*a - 10 = -z*a. List the prime factors of a.
2
Suppose 0 = l - 5*g - 12, 3*g = -0*g - 6. Suppose -2*v + 4*f = 62, -2*v - l*v = -5*f + 124. Let u = 103 + v. What are the prime factors of u?
2, 3
Suppose 33*y = 31*y + 12. Let q(a) be the second derivative of a**5/20 - 5*a**4/12 - 2*a**3/3 + 5*a**2 + 3*a. What are the prime factors of q(y)?
2, 11
Let l(v) = 80*v**2 + 128*v - 1034. What are the prime factors of l(9)?
2, 3299
Let q be (-12 - -18)/((-6)/(-64)). Suppose -z - q - 22 = -b, 0 = -z - 3*b - 66. List the prime factors of 18/z + ((-362)/(-9))/1.
2, 5
Let d(n) = 16*n - 3. Suppose 5*t - 30 = 5*r, 4*t + 3*r = 2*r + 4. Let o be (1/t)/(10/60). List the prime factors of d(o).
3, 5
Let d = 37 + -41. Let j be 0*(-3 + (-6)/d + 2). Suppose -20 = 5*l, j = -5*u - 0*l + 5*l + 1165. What are the prime factors of u?
229
Let a(w) = w**2 + 12*w - 19. Let x be a(-14). Let y be -3*(68/(-12) - -1). Suppose y*r - x*r = 560. What are the prime factors of r?
2, 7
Let k(d) = -114*d**2 + 2*d - 1. Let w be k(1). Let q = w - -35. What are the prime factors of 635/13 - 12/q?
7
Let k(v) = -68*v**3 - 22*v**2 - 51*v + 2. List the prime factors of k(-7).
3, 5, 11, 137
Let h(z) = -z**3 + 15*z**2 + 10*z + 34. Let y be 10*(5 + 7/(-2)). Let d be h(y). Let c = -47 + d. What are the prime factors of c?
137
Let i = 22 - 20. Suppose m = -z + 30, i*z - 145 = -5*m + 11. Suppose m*d - 30*d - 340 = 0. List the prime factors of d.
2, 5, 17
Suppose 3*f - r = 80, 0*f = -3*f + 2*r + 79. Suppose f*l - 37*l = -9750. List the prime factors of l.
3, 5, 13
Let d = 381 + -377. Suppose 1430 = d*k - 2*w + 3*w, 0 = 3*k - 5*w - 1061. List the prime factors of k.
3, 7, 17
Suppose -49661 = -60*s + 365433 + 559606. List the prime factors of s.
3, 5, 19
Suppose 0 = -5*g - 5, -4*n - 5*g + 13 + 6 = 0. Suppose 7*m + 6 = n*m. What are the prime factors of 1/(((-3)/m)/1) + 109?
3, 37
Suppose 4*b - 6 = 2*b. Suppose 4*l = 3*s + 460, -5*l + 4*s + 240 = -b*l. What are the prime factors of l?
2, 7
Let c be 8/(-84)*3 + 1924/(-28). Let u be -75*(3 + (-105)/25). Let p = u + c. List the prime factors of p.
3, 7
Let z be 1 + (448/(-70) - 2/(-5)). Let w be (3 + -238)*(2 + z - -2). Suppose -3*x + 95 = 2*f - w, 0 = f. List the prime factors of x.
2, 5, 11
Let w be ((-880)/160)/(2/(-1920)). Let k = w + -3708. What are the prime factors of k?
2, 3, 131
Let k be (-2)/(-9) + (-960)/(-54). Let s = k + 50. Suppose 0 = 6*c - 2*c - s. What are the prime factors of c?
17
Suppose 24*w + 15 = 63. What are the prime factors of 6/3*(w - (-81)/6)?
31
Suppose 5*d = -15, 2*q = -2*d + d + 5. Suppose q*c = -c + 5. What are the prime factors of c/3*-1*-516?
2, 43
Let i(w) = 3190*w**2 + 38*w + 35. What are the prime factors of i(-1)?
3187
Let x(j) be the third derivative of j**5/30 - 3*j**3/2 + j**2. Let u = 508 + -514. List the prime factors of x(u).
3, 7
Let w(o) = 48*o**3 + o**2 - 3*o - 4. Let b(f) = -93*f**3 - 2*f**2 + 7*f + 9. Let j(g) = 3*b(g) + 7*w(g). Let s = 0 + 1. What are the prime factors of j(s)?
3, 19
Let i(u) = u**3 + 38*u**2 + 125*u + 327. List the prime factors of i(-32).
7, 353
Let c = 27 + -18. Suppose 2*b - c = -b. List the prime factors of 22/6 + (-2)/b + 62.
5, 13
Let t be 4 - ((-196)/(-3))/(7/21). Let h = -426 - t. Let l = h + 414. List the prime factors of l.
2, 3, 5
Let h(g) = -532*g - 3849. What are the prime factors of h(-37)?
5, 3167
Suppose 247833 = -83*r + 1907584. What are the prime factors of r?
19997
Let w(p) be the second derivative of 5*p**3/3 - 21*p**2 - 40*p. Let l be w(19). Suppose 8*o + l = 1796. List the prime factors of o.
2, 103
Suppose -94*t + 194275 + 114035 = 121*t. List the prime factors of t.
2, 3, 239
Suppose -4*c + 2*v = -125428, c - 691*v = -693*v + 31337. List the prime factors of c.
3, 7, 1493
Suppose -126 = 2*m - 46. Let i = m + 86. Suppose 128 + i = 6*d. What are the prime factors of d?
29
Suppose -99*j - 46*j - 16*j = -983710. List the prime factors of j.
2, 5, 13, 47
What are the prime factors of (-2 + -1 + -94)/((-28924)/4816 + 6)?
2, 43, 97
Let i(a) = -a**2 - 14*a - 41. Let o be i(-8). Suppose o*l + 19*l = 30706. What are the prime factors of l?
1181
What are the prime factors of 32877*-32*(-11)/792?
2, 13, 281
What are the prime factors of (-41388)/(-8)*(-68 - -12)/(-14)?
2, 3, 3449
Let v be (-3)/2 + 483/(-6). Let x = v - -118. List the prime factors of x.
2, 3
Let j(k) = -41*k + 7. Let 